-1ba
In base 14, what is -1221 - -2?
-121d
In base 15, what is -1 - -25ab?
25aa
In base 10, what is -1659 - 2?
-1661
In base 15, what is -2 - 986?
-988
In base 9, what is -2427 + 6?
-2421
In base 11, what is -6 - 1?
-7
In base 11, what is 10 - 28?
-18
In base 8, what is -1 - -362?
361
In base 13, what is 23c - 0?
23c
In base 4, what is -211000 + -1?
-211001
In base 14, what is 0 + 31?
31
In base 9, what is 2 - -1380?
1382
In base 11, what is -82 - -1?
-81
In base 6, what is 55 + -202?
-103
In base 5, what is -1 - 202?
-203
In base 15, what is -1 - 6?
-7
In base 9, what is -600 - 4?
-604
In base 15, what is -1 + 3d?
3c
In base 12, what is 15b + 4?
163
In base 5, what is 123 + -2?
121
In base 12, what is -2 + -11b?
-121
In base 12, what is 0 - -1624?
1624
In base 11, what is 10389 - -1?
1038a
In base 10, what is 2 - 2403?
-2401
In base 8, what is -1442 - -5?
-1435
In base 15, what is -22 + -1e1?
-213
In base 13, what is 30 - 353?
-323
In base 6, what is 3 - 11?
-4
In base 15, what is -12 + 26?
14
In base 10, what is 0 - 91?
-91
In base 7, what is 1305 + 5?
1313
In base 12, what is 277 - 4?
273
In base 6, what is -3 - -22?
15
In base 6, what is 210 + 1?
211
In base 13, what is 367 + 1?
368
In base 16, what is -24 - -60?
3c
In base 15, what is 38 - -9?
42
In base 15, what is -1a + e?
-b
In base 15, what is -3c + 0?
-3c
In base 15, what is a - -24?
2e
In base 2, what is 11 + -101000000?
-100111101
In base 11, what is 5 - -17?
21
In base 2, what is -1000101000 + -100?
-1000101100
In base 15, what is 2 - -126?
128
In base 16, what is -1b + -1b?
-36
In base 14, what is -4 + -182?
-186
In base 16, what is -2d2c - 4?
-2d30
In base 2, what is 10 - 1010110?
-1010100
In base 16, what is -1 - 5?
-6
In base 13, what is 4 + 0?
4
In base 11, what is -7 + -208?
-214
In base 6, what is -2 + -203?
-205
In base 2, what is -100 - -1000010?
111110
In base 16, what is -13 + 1?
-12
In base 2, what is 10101 - 10010001?
-1111100
In base 11, what is -4723 - -1?
-4722
In base 15, what is 310 - 9?
306
In base 7, what is -3 + 30?
24
In base 2, what is 1100111010 + 10?
1100111100
In base 14, what is -183 - -6?
-17b
In base 11, what is 2300 + 2?
2302
In base 2, what is 101 + 111111001?
111111110
In base 16, what is 4d + 2?
4f
In base 4, what is 203 - 2?
201
In base 14, what is -214 - -1?
-213
In base 6, what is -12 + 1155?
1143
In base 15, what is b0a + 2?
b0c
In base 5, what is -2013 - 1?
-2014
In base 14, what is 1 - -11?
12
In base 13, what is 3 - 99?
-96
In base 9, what is 3 - -2452?
2455
In base 15, what is 5c2 + 3?
5c5
In base 11, what is 268 - 3?
265
In base 16, what is 81e - -2?
820
In base 3, what is 1 - 120122?
-120121
In base 13, what is 8 + 27?
32
In base 13, what is 6c + 0?
6c
In base 2, what is 100 + -10010011?
-10001111
In base 6, what is 24 + 24?
52
In base 7, what is -214 + -3?
-220
In base 3, what is -20 + 102?
12
In base 6, what is -1 - 12253?
-12254
In base 13, what is -16 + 3?
-13
In base 15, what is -2 - 247?
-249
In base 5, what is 11 - 33133?
-33122
In base 8, what is 4 + -60?
-54
In base 2, what is -11 + -100111101?
-101000000
In base 11, what is -14 - 14?
-28
In base 14, what is 5 - -c3?
c8
In base 3, what is 11 + -2001?
-1220
In base 7, what is -134 + -24?
-161
In base 16, what is -a + 11?
7
In base 13, what is -2 - -18?
16
In base 16, what is -74dc - 0?
-74dc
In base 9, what is -4 + 308?
304
In base 3, what is -11 + -1200?
-1211
In base 13, what is -a0 + 6?
-97
In base 2, what is -11 + -11?
-110
In base 13, what is -4 + -1160?
-1164
In base 15, what is -23a + -5?
-240
In base 8, what is 475 + -3?
472
In base 9, what is -4 + -273?
-277
In base 16, what is b - -1f5?
200
In base 10, what is 1 - 807?
-806
In base 5, what is 1020 + -200?
320
In base 3, what is 10 - 10020?
-10010
In base 16, what is 38f - 2?
38d
In base 15, what is 2c - -4?
31
In base 16, what is -3 + -81?
-84
In base 6, what is -233 + 10?
-223
In base 5, what is -31 - -2?
-24
In base 8, what is -25 - -27?
2
In base 12, what is 1 + -44a?
-449
In base 3, what is 1221101 - 10?
1221021
In base 10, what is 2352 - -4?
2356
In base 15, what is -2 + 7d?
7b
In base 8, what is -56 - 46?
-124
In base 5, what is -40 + 1?
-34
In base 2, what is 10111000 + 100?
10111100
In base 4, what is 11 + -101?
-30
In base 13, what is 2 + -5b?
-59
In base 12, what is 5 - 34?
-2b
In base 16, what is -8 - 16?
-1e
In base 15, what is 3a6 - c?
399
In base 15, what is 25 - -2a9?
2ce
In base 3, what is -1 - 1022?
-1100
In base 12, what is 5b + 4b?
aa
In base 8, what is 0 + -1372?
-1372
In base 12, what is a5 - -73?
158
In base 5, what is -33 - 1020?
-1103
In base 9, what is -356 + -35?
-402
In base 4, what is 232 - 13001?
-12103
In base 16, what is -5 + 503?
4fe
In base 12, what is 105 - 15?
b0
In base 11, what is 1398 + 2?
139a
In base 2, what is -1010 + 100011100?
100010010
In base 15, what is 1 - -737?
738
In base 2, what is -11 + -1011001?
-1011100
In base 11, what is 0 - 432?
-432
In base 10, what is 3708 - -8?
3716
In base 15, what is 7 + 8?
10
In base 7, what is -32 - -6?
-23
In base 5, what is 42 - 1132?
-1040
In base 7, what is 4 + -120?
-113
In base 10, what is -6 - -4?
-2
In base 16, what is 5 + 23?
28
In base 7, what is 24 - 305?
-251
In base 16, what is 7f - 9?
76
In base 9, what is -24 - -10?
-14
In base 8, what is -247 - 3?
-252
In base 2, what is 1010100001 + 0?
1010100001
In base 5, what is 1 - -24?
30
In base 9, what is 171 + -1?
170
In base 10, what is -1 + 81?
80
In base 16, what is a + 6?
10
In base 14, what is -3c + -82?
-c0
In base 9, what is 150 + -21?
128
In base 7, what is 0 + 304?
304
In base 11, what is 84 - -7?
90
In base 16, what is -1b + 5a?
3f
In base 16, what is -5 - e5?
-ea
In base 7, what is -44 + -244?
-321
In base 4, what is 0 + -2331?
-2331
In base 13, what is -3 - 6?
-9
In base 3, what is 110 - -110101?
110211
In base 2, what is 1011010011010 - -101?
1011010011111
In base 2, what is 10111010 + 100010?
11011100
In base 7, what is 13 - -133?
146
In base 7, what is 206 - 20?
156
In base 16, what is -3 - f73?
-f76
In base 3, what is 10 + 101011?
101021
In base 2, what is -10010 - 10?
-10100
In base 14, what is 89 - a?
7d
In base 3, what is 12022 - 21?
12001
In base 4, what is 321330 - 3?
321321
In base 13, what is 22 + 39?
5b
In base 9, what is -107 + 8?
-88
In base 14, what is -4 - 626?
-62a
In base 9, what is 134 + -37?
86
In base 7, what is 12 - 121?
-106
In base 10, what is 5 + -34?
-29
In base 8, what is 10 + 36?
46
In base 12, what is 4 - 100?
-b8
In base 12, what is 5 - -40?
45
In base 14, what is 4 - 13c?
-138
In base 2, what is 111 - -100?
1011
In base 4, what is 1002 + 2?
1010
In base 8, what is -12 - -6?
-4
In base 8, what is 703 + 5?
710
In base 14, what is 2 - 180?
-17c
In base 7, what is 0 - -121?
121
In base 5, what is -34211 + -10?
-34221
In base 4, what is -11 + -2331?
-3002
In base 14, what is 3 - -348?
34b
In base 11, what is 43 - -5?
48
In base 4, what is -20210 + -210?
-21020
In base 6, what is 0 - -331?
331
In base 7, what is -4402 + -4?
-4406
In base 8, what is 26 - -206?
234
In base 14, what is -7 + 597?
590
In base 11, what is -57 + -3?
-5a
In base 8, what is 431 + 0?
431
In base 16, what is 1a + -ac?
-92
In base 4, what is -11 + -10132?
-10203
In base 2, what is -10 + -1000011?
-1000101
In base 8, what is -31 + 17?
-12
In base 14, what is 3d80 + 0?
3d80
In base 8, what is -2 - 162?
-164
In base 16, what is f6b - -8?
f73
In base 3, what is 10 - 12002?
-11222
In base 12, what is -47b3 + 5?
-47aa
In base 2, what is 101 + -1000100101?
-1000100000
In base 8, what is 1 - 1012?
-1011
In base 5, what is -21 - -200?
124
In base 8, what is -24100 + -4?
-24104
In base 4, what is -1113220 + 0?
-1113220
In base 6, what is 132 - 50?
42
In base 16, what is -32e - -3?
-32b
In base 14, what is 4d + 17?
66
In base 5, what is -42 + -331?
-423
In base 6, what is 2 + -31300?
-31254
In base 10, what is 1 - -87?
88
In base 7, what is -4 + -54?
-61
In base 7, what is -5 + -304?
-312
In base 5, what is -2 - -43?
41
In base 13, what is -3 + 17?
14
In base 9, what is 22 - -27?
50
In base 12, what is 2a + -4?
26
In base 7, what is 44 - -5?
52
In base 6, what is -2 - -24?
22
In base 11, what is -1 - 52a?
-530
In base 5, what is -10 - 1030?
-1040
In base 5, what is 4 - 10223?
-10214